ivided by (368/(-460))/((-2)/465) + -2?
182
Suppose -24*p + 27549 = 669. Suppose l = 4 - 5, -3*i + p = -4*l. What is the remainder when i is divided by 76?
68
Let c = 12 + -11. Let a = 29 + 150. Let p = a - 175. Calculate the remainder when p is divided by c.
0
Let v be -6*(-5)/10 + 33. Let w be (v/(-10))/((-57)/(-190)). Calculate the remainder when 3/(-2 - -1) - w is divided by 4.
1
Calculate the remainder when 537 is divided by -2*(-2 + (-1858)/7) + 16/112.
2
Let y(z) = 3*z**2 + z - 1. Let a = -456 + 458. Calculate the remainder when y(1) is divided by ((-48)/15 + a)*25/(-10).
0
Let y(l) = -10*l + 280. What is the remainder when 310/4 - (-9)/18 is divided by y(26)?
18
Let z = -121 + 149. Suppose 4*o + h - z = 95, h = o - 32. Let c = 5 - 2. What is the remainder when o is divided by c?
1
Suppose -2*s + 98*z - 94*z + 3128 = 0, -2*s - z = -3098. Calculate the remainder when s is divided by 200.
152
Let t = 5161 - 5059. What is the remainder when 5096 is divided by t?
98
Suppose -12 = -8*i + 4*i. Suppose -b + 70 = -8*b. Calculate the remainder when (-4)/b + 1 + 190/25 is divided by i.
0
Suppose 0 = -251*k + 75*k + 7392. What is the remainder when 16757 is divided by k?
41
Suppose 162*t - 62529 - 48765 = 0. What is the remainder when t is divided by 23?
20
Let o = -6282 - -7140. Calculate the remainder when o is divided by 10.
8
Let q be (-32)/(-6) - (13/3 + -3). Suppose -40*c - 41 = -41*c. Calculate the remainder when c is divided by (14 - (-2 + -1)) + q.
20
Let l(n) = n**2 + 13*n + 199. Suppose b = -s + 16, b + s - 54 = -2*b. What is the remainder when l(-10) is divided by b?
17
Suppose -21 = -2*c - 15. Suppose -30*g = c*g - 5280. What is the remainder when g is divided by 18?
16
Let o(u) = -13*u + 7. Let a be o(-1). Calculate the remainder when 31 is divided by (-80)/24*(-72)/a.
7
Let f = -13721 - -14147. Calculate the remainder when f is divided by 101.
22
Let w(l) = -l**2 + 11*l + 32. Let d be w(10). Suppose -3*n + 181 = -m, -5*m = d*n - 37*n - 335. Calculate the remainder when n is divided by 18.
8
Suppose 3400 = 3*f - 2*b - 1388, 0 = -4*f + 3*b + 6384. What is the remainder when f is divided by 132?
12
Suppose -4*g + 218*o + 46 = 216*o, -g = 2*o - 44. Let b be 0 - 1 - 3*-1. What is the remainder when 71/1 + b/(-2) is divided by g?
16
Let p(b) = -b**3 - 32*b**2 - 44*b + 20. Calculate the remainder when p(-31) is divided by 136.
15
Let v(n) = -8*n - 52. Let y be v(-7). Suppose -7*f + 17 = -y. Suppose 4*r - 4*u - 2 = 18, f*r - u - 19 = 0. What is the remainder when 10 is divided by r?
3
Let l be 30*(12/(-18))/1. Calculate the remainder when 168 is divided by (-10)/(-1)*(-92)/l.
30
Suppose 3*n = h - 6*h + 28, 0 = -3*n + 4*h + 37. Suppose 0 = -n*s + 51 + 246. What is the remainder when s is divided by 6?
3
Let v(j) = 40*j**2 - 78*j + 162. Calculate the remainder when v(8) is divided by 124.
114
Suppose -139*o + 552 = -133*o. Let s = 121 - o. Calculate the remainder when s is divided by 6.
5
Let n(a) = 2*a**2 + 33*a + 21. Suppose -5*u - 92 = -f, 5*u + 7*f = 3*f - 82. What is the remainder when n(u) is divided by 39?
36
Let i = 227 + 462. Let q = 692 - i. Let p(d) = -d**2 - 9*d + 1. Calculate the remainder when p(-8) is divided by q.
0
Let b = 55 - -23. Let d be 1 + -3 + 5 + -3. Suppose 13*a - b - 312 = d. What is the remainder when 119 is divided by a?
29
Suppose -3788 = -9*x + 549 - 179. Calculate the remainder when 471 is divided by x.
9
What is the remainder when 178 is divided by (-18)/(16/((-112)/3))?
10
Suppose -4*r - g + 50 = 0, 67 = 5*r - 0*r - g. Let z = 43 - r. Let y(w) = 116*w**2 + 3*w - 2. Calculate the remainder when y(1) is divided by z.
27
Suppose 6*r + 15 = 45. Suppose r*x - 300 = -15*x. Calculate the remainder when 119 is divided by x.
14
Suppose 118*z - 5501 = -1135. Calculate the remainder when 77 is divided by z.
3
Let k(b) = -12*b**3 + b**2 + 5*b + 6. Let l be k(-2). Let q = l - 93. Calculate the remainder when -8*(2*1 - (6 - q)) is divided by 5.
3
Suppose 11*x + 1426 - 34499 + 51 = 0. What is the remainder when x is divided by 31?
26
Let d(t) = t**3 - 27*t**2 - 231*t + 66. What is the remainder when 2308 is divided by d(-7)?
13
Suppose -73*s + 45*s = -39620. Calculate the remainder when s is divided by 109.
107
Let k = -91 + 338. Suppose -17*v - k = -30*v. Calculate the remainder when 28 is divided by v.
9
Let v(m) = -14*m - 263. Let u(n) = 5*n + 88. Let s(r) = -11*u(r) - 4*v(r). Calculate the remainder when s(-19) is divided by 17.
14
Let q(p) = -p**3 - 22*p**2 - 17*p + 100. Suppose 0 = 3*h - 12, -v + 3*h - 5 = 7*h. Calculate the remainder when 92 is divided by q(v).
12
Let j(n) = n**2 - 133*n + 1297. What is the remainder when 1542 is divided by j(123)?
1
Let j(y) = -y**2 - 8*y + 10. Let u = 2340 - 2092. Calculate the remainder when u is divided by j(-8).
8
What is the remainder when 2608/2 - (25 - (-126)/(-9)) is divided by 29?
17
Let d = 221 + -48. Suppose -2647 = 2*t + 3*y - 2779, -2*y = 4*t - 224. What is the remainder when d is divided by t?
20
Suppose 970 - 145 = 5*w. Suppose 0 = -u + 3*v + 63, u + 3*v = -2*u + w. Calculate the remainder when 168 is divided by u.
54
What is the remainder when 1774 is divided by 5/2*222/15?
35
Suppose -15 - 1412 = -4*n - 5*j, 703 = 2*n + j. What is the remainder when n is divided by 176?
172
Suppose 2 + 0 = m, -4*k - 480 = -2*m. Let g = -50 - k. What is the remainder when g is divided by 15?
9
Let k = 3167 - 2584. What is the remainder when k is divided by 140?
23
Let t(f) = f + 41. Suppose 6 - 78 = 3*h. What is the remainder when 63 is divided by t(h)?
12
Calculate the remainder when (-20)/7*(-308)/8 is divided by (29/2 - -2)*824/309.
22
Suppose 4*m - 4*p = 300, -m + 61 - 2 = -5*p. Suppose 7*l - 26 = m. Calculate the remainder when 8/(2/(-24) - l/(-45)) is divided by 14.
4
Suppose -4*f = -5*k - 6, 0 = 4*f - 2*k - 257 + 233. What is the remainder when 164 is divided by f?
2
Suppose 0 = 36*n - 233869 + 22261. What is the remainder when n is divided by 49?
47
Suppose -3*c - 218 = -8*c + 3*r, -4*r = -2*c + 90. Let t(j) = -j**2 + 14*j + 123. What is the remainder when t(0) is divided by c?
37
Suppose 3*i = -11*o + 13*o + 458, 4*i + 5*o = 649. Calculate the remainder when 638 is divided by i.
14
Suppose -5*r - 18 = -58. Suppose i = -0*i + 9. Suppose -3*h - g = -107, h + i*g = 6*g + 33. Calculate the remainder when h is divided by r.
4
Suppose -7 + 105 = 7*u. Let g be (u/(-5))/(88/(-20) + 4). Let y(s) = 6*s - 21. Calculate the remainder when 83 is divided by y(g).
20
Let u be 4 - ((-242)/5 - (-12)/30). Suppose 0 = -2*q + u - 4. What is the remainder when q is divided by 11?
2
Let u = -92 - -147. What is the remainder when u/15*57 - (1 + 4) is divided by 41?
40
Suppose 0*v - 10 = 5*v, p + 4*v - 38 = 0. Suppose a = -4*a + 120. Let y = -12 + a. What is the remainder when p is divided by y?
10
Let t(n) = 42*n**2 + 1. Let y(i) = -i + 9 + 0*i + 3 - 15. Let u be y(-2). What is the remainder when 214 is divided by t(u)?
42
Suppose 142 + 83 = 15*i. Calculate the remainder when 692 is divided by i.
2
Let w(r) = r**3 + 10*r**2 - 80*r + 12. Calculate the remainder when 519 is divided by w(-15).
84
Suppose 0 = -9*k + 5080 + 5. What is the remainder when k is divided by 100?
65
Let a = 50506 + -50466. Calculate the remainder when a is divided by ((-5)/3)/(2/(-24)).
0
Calculate the remainder when 1172 is divided by (-134)/134 - (-8)/2.
2
Let g(u) = 5*u - 7. Let f be g(7). Suppose 5*d + 57 = -f. Calculate the remainder when 13 is divided by -4*(d/4 - (0 - 3)).
3
Let z(o) = 4*o**2 - 4*o - 6. Calculate the remainder when 272 is divided by z(2).
0
Let r be (5 - 44/8)*-26. Let j(b) = -b**3 + 14*b**2 - 10*b - 3. What is the remainder when 213 - 1/(-2)*0 is divided by j(r)?
33
Let h(m) = -m**2 + m + 12. Let a be h(-4). Let v(k) = k**3 + 12*k**2 + 14*k - 2. Calculate the remainder when v(a) is divided by 11.
10
Let i be (1 - -3) + (9 - 17). Let a be (-14 + -2)/4*i. Suppose -5*y - 1 + a = 0. Calculate the remainder when 13 is divided by y.
1
Let t = -1172 + 1253. Calculate the remainder when 195 is divided by t.
33
Let m(h) = -3*h + 55. Let f be m(19). Let w = 1 + 26. What is the remainder when f/(2*2/(-266)) is divided by w?
25
Let u be 3614/(-91) - (-2)/(-7). Let f be ((-39)/52)/(2/u). Suppose 4*a + v = 8*